 and y?
207
Let a(x) = 10*x**2 + 271*x + 1359. Let z be a(-5). Calculate the highest common divisor of 25654 and z.
254
Suppose 2*p + 4 = 0, -21 = -3*i + 2*i + 5*p. Let k(n) = 17*n - 27. Let o be k(i). Suppose -2*d - 116 = -o. What is the highest common divisor of d and 88?
22
Let f = -40 - -50. Suppose -3*b - 2*b + f = 0. Let c be (-14)/(b/55*(-5 - -4)). Calculate the greatest common divisor of c and 35.
35
Let s be 2 + ((-26)/(-2))/1. Suppose 28 = a - 2*d, 0 = 3*a + d + s - 71. Let r be (4620/8470)/((-3)/(-22)). What is the highest common factor of r and a?
4
Suppose -28*f + 27*f = -5. Let i(s) = 2*s**2 - 8*s + 10. Let o be i(f). Calculate the highest common factor of 90 and o.
10
Suppose 3*v - 2*v = -5*i + 416, 5*i - 5*v = 440. Let w be 4/14 - 24/i. Suppose w = -0*p + 2*p - 48. What is the greatest common factor of p and 8?
8
Suppose 4*g - 11832 = 4*u, -g + 0*u = 2*u - 2937. Calculate the highest common divisor of 52 and g.
13
Let q(k) be the first derivative of -k**3/3 - 3*k**2/2 + k - 29. Let p be q(-2). Suppose p*o - 44 - 412 = 0. Calculate the greatest common divisor of 19 and o.
19
Let l = 241 + -3. Suppose 0 = -3*w - 20*c + 17*c + 300, 4*w = 2*c + 412. Calculate the highest common divisor of l and w.
34
Let r be (0 - 2)*(0 - 1). Suppose -3*o = 3*c + 66, -5*c + 74 - 202 = -4*o. Let p be 3*-20*6/c - -7. What is the greatest common divisor of r and p?
2
Suppose 55*n - 63*n = -11243 - 17645. What is the highest common divisor of 253 and n?
23
Let w(m) be the first derivative of 77*m**4/4 + m**3/3 + 2*m**2 - 2*m + 165. Let c be w(1). What is the highest common factor of 60 and c?
20
Let g = 350 + -175. Let d be -1*(-258)/(-12)*-4. Suppose 92*q = d*q + 150. Calculate the highest common factor of g and q.
25
Suppose 18*n - 13*n + 10*n - 10050 = 0. Suppose 2*u + 32 = -z + 5*z, 5*z - 34 = 4*u. What is the greatest common divisor of z and n?
10
Let f(l) = 420*l**2 + 2*l - 4. Let u be f(1). Let t = 437 - u. What is the greatest common divisor of t and 247?
19
Let q(a) = 99*a - 241. Let r be q(5). Calculate the greatest common factor of 3683 and r.
127
Suppose 0 = 137058*m - 137086*m + 30772. What is the greatest common divisor of 8007 and m?
157
Let a be -3 + ((-108)/(-6))/6. Suppose -2*p + 128 + 24 = a. Let b be 19/(-1)*-1 + 0. What is the highest common factor of b and p?
19
Let b = -2901 + 2961. Calculate the highest common factor of 192 and b.
12
Suppose 13 = 3*t - 23. Let y be (-67)/(-268) + (-94)/(-8). What is the greatest common factor of y and t?
12
Let h(a) = -855*a**2 + 1. Let m be h(-1). Let w be 2/(-5) - m/35. Suppose 0 = -4*r - 0 + w. What is the greatest common divisor of r and 12?
6
Let t = -4308 + 6724. Calculate the highest common factor of t and 16.
16
Suppose k + 2*r - 18 = 0, -3*k + 2*r + 49 = 3*r. Let q(s) = -8*s + 44. Suppose 0 = -12*d + 3 + 57. Let b be q(d). What is the highest common divisor of k and b?
4
Let y(b) = -76*b + 130. Let i be y(1). Calculate the greatest common divisor of 87 and i.
3
Suppose 2*k + l = 2050, 3*l = 4*k + 6*l - 4104. Calculate the greatest common divisor of k and 3813.
93
Let a(h) = 1. Let i(c) = -c - 5. Let y(d) = -3*a(d) - 3*i(d). Let u be y(0). Calculate the highest common factor of u and 30.
6
Let a be ((-4)/(-28) + -1)/((-2)/14). Suppose -a*u + 12 = -48. Calculate the greatest common divisor of u and 1090.
10
Let p = 187 + -52. Suppose -4*l + p = -133. Let o = 84 - l. What is the greatest common divisor of 153 and o?
17
Let m be ((-528)/(-154))/(8 + 1 + (-1002)/112). Suppose 0 = -4*w + 248 + 456. What is the greatest common divisor of m and w?
16
Let i(k) = 12*k**2 + 60*k + 4. Let n be i(-6). What is the highest common divisor of 120 and n?
4
Let x be -17 - -9 - (-3)/(15/3820). Calculate the highest common divisor of 81 and x.
27
Let c(s) = 7*s - 12. Let j be c(4). Let y = j - -4. Let u = 32 - y. What is the greatest common factor of u and 48?
12
Let y(h) = -1621*h - 613. Let t be y(-1). Calculate the greatest common factor of t and 231.
21
Let z(l) = 55*l - 4440. Let r be z(81). What is the highest common divisor of r and 10?
5
Let u be 6/(-3) + (691 - 14). Suppose 18*x + 45 = u. What is the greatest common divisor of 560 and x?
35
Let c be (5/(-10))/((-1)/4). Let t = -190 + 195. Suppose 4*p = 5*m + 4, 2*m - 14 = -t*p + 6*m. What is the highest common factor of c and p?
2
Let w(x) = 41*x**2 + 88*x + 171. Let j be w(-29). What is the greatest common divisor of j and 25?
25
Let h(z) = 11*z**2 + 13*z + 24. Let q be h(14). Let f = q + -1101. Calculate the highest common factor of f and 13.
13
Let g be 5/5*(-3 + (0 - -3)). Suppose g = -6*j + 12*j - 2016. Suppose j = 9*v - 6*v. Calculate the highest common divisor of v and 168.
56
Let f(v) = -v**2 - 14. Let j be f(0). Let d(s) = -446*s - 4022. Let a be d(-9). Let u be j*((-60)/a)/(-3). Calculate the highest common divisor of 5 and u.
5
Suppose 0 = 2*r - 3 - 9. Let q(u) = 6*u**2 - u - 6. Let s be q(r). Calculate the highest common divisor of s and 136.
68
Suppose -y = 3*s - 12 - 24, -2*y + 6 = 0. Let f(j) = 20*j**2 + 0*j**2 - j + 78*j**2. Let m be f(-1). What is the greatest common factor of m and s?
11
Suppose -10*w - 160 = -170. Let c be ((-5 - 77) + w)*-1. Let d(k) = k**3 + 4*k**2 - 7*k - 1. Let x be d(-5). Calculate the highest common divisor of x and c.
9
Let q(t) = -t - 22. Let v be q(-2). Let d be 3262/140 - (-6)/v. What is the greatest common factor of 115 and d?
23
Let m = 461 + -460. Let x be ((-58)/145)/(m/(-1200)). What is the highest common factor of x and 30?
30
Let h = 118 - 113. Suppose 4*c + h = 5*m, -2 = m + c + 6. Let i be 4/m*(1134/4)/(-7). What is the greatest common factor of 135 and i?
27
Let h(y) = -489*y - 234. Let r be h(-18). Calculate the greatest common factor of r and 102.
102
Let v(o) = 12*o**2 + 189*o - 258. Let k be v(-18). Calculate the greatest common divisor of 2204 and k.
76
Let l = -3733 + 3873. Calculate the greatest common divisor of 220 and l.
20
Suppose -4*s + 1530 = -a, -29*s + 25*s + 1538 = -5*a. What is the highest common divisor of 4393 and s?
191
Suppose -93 = 6*v - 9*v. Let w = v + -35. Let h be w/6 - 7/(63/(-114)). What is the highest common factor of h and 3?
3
Suppose -3*s + 84 = 39*s. Suppose 0 = -g - i + 5, 0*i + i - 2 = 0. Let x = 5 - g. What is the highest common divisor of s and x?
2
Let z be 941829/105 + (-2)/(-10). Suppose -27*x = 3*x - z. What is the highest common factor of 23 and x?
23
Let h(z) = 11*z**2 + 166*z - 1284. Let u be h(8). What is the greatest common factor of 176 and u?
44
Let u = -3562 + 3852. Calculate the greatest common divisor of u and 725.
145
Let b be (5 + -5)/(-4) + 1 + 0 + 4207. What is the greatest common divisor of b and 64?
16
Let f be 1*(1 - -54)/1. Let r = -201 - -204. Suppose -r*z - 4*x + 0*x = -49, -3*z + 4*x = -17. What is the greatest common divisor of f and z?
11
Let d be 16 + ((-4)/1 - -3). Suppose n + 3*i - 1 = 4, -5*i + 31 = -4*n. Let k be n + (-9)/(-3) + 106. Calculate the greatest common factor of d and k.
15
Suppose 4*z = 5*b - 40, -2*z + 22 = b - 0*b. Let j(d) = 4*d**2 - 41*d - 272. Let h be j(-8). Calculate the highest common divisor of b and h.
12
Let t(n) = 18*n + 8. Let r = -16 - -36. Let m be t(r). Let i = m + -235. What is the highest common divisor of i and 19?
19
Let l be ((-24)/360 + 12/30)/(2/60). Let r be 4 + (-3)/((-6)/(-4)). What is the highest common divisor of l and r?
2
Suppose -462 + 231 = -3*r - 9*m, -2*r = -m - 161. Let h be (-1)/((-4 - -2)/10). What is the greatest common factor of r and h?
5
Let b be ((-20)/(-3))/(4/18). Suppose -795 + 2859 = -t. Let d be 17 - t/36 - (-2)/3. What is the greatest common factor of b and d?
15
Let c = 0 + 44. Calculate the highest common factor of 517 and c.
11
Let r = 493 + -295. Suppose 10*z = o + 6*z - 7, 0 = 4*o - 5*z - 6. Let s be (o/3)/((-6)/r). What is the highest common factor of s and 33?
11
Let h(i) be the second derivative of -7/3*i**3 + 7*i**2 + 0 + 4*i. Let q be h(-7). What is the highest common factor of q and 14?
14
Suppose 0 = a - 5, 0 = -2*s + 7*s + 3*a + 2860. Let m = 643 + s. What is the highest common factor of m and 153?
17
Let x be (-5)/25 - (271/(-5) - -4). Let p = -105 + 230. Calculate the greatest common factor of x and p.
25
Let r = -8785 - -9849. What is the greates